{"id":150,"date":"2019-03-08T17:51:44","date_gmt":"2019-03-08T17:51:44","guid":{"rendered":"https:\/\/wordpress.mv-utzenfeld.de\/?page_id=150"},"modified":"2024-01-26T13:57:51","modified_gmt":"2024-01-26T13:57:51","slug":"2016-2","status":"publish","type":"page","link":"https:\/\/mv-utzenfeld.de\/?page_id=150","title":{"rendered":"2016"},"content":{"rendered":"\n<p><strong>Weihnachtskonzert 2016<\/strong><\/p>\n\n\n\n<p><strong>Ehrung f\u00fcr 30 und 40 Jahre Mitgliedschaft<\/strong><\/p>\n\n\n\n<p>Beim\nWeihnachtskonzert des Musikvereins Utzenfeld begr\u00fc\u00dfte Sonja Strohmaier,\nMitglied des Vorstandsteams, die Konzertbesucher am Samstag in der\nweihnachtlich dekorierten Gemeindehalle. Zu Beginn des Konzertabends wurde der\nneue Dirigent des Orchesters vorgestellt.<br>\n<br>\nIngo Ganter stammt aus Sasbach und stellt seine Energie ganz in den Dienst der\nMusik: aktiv am Instrument in eigener Band, als Ausbilder in der Musikschule\nund seit diesem Sommer als musikalischer Leiter des Musikvereins Utzenfeld.\nSein erstes Weihnachtskonzert mit dem Musikverein Utzenfeld er\u00f6ffnete Ingo\nGanter mit dem Marsch &#8222;Revuezauber&#8220; von Walter Schneider-Argenb\u00fchl.\nAnschlie\u00dfend wurde &#8222;Adventure&#8220; vom Schopfheimer Komponisten Markus\nG\u00f6tz aufgelegt. Die Moderation des Konzertes \u00fcbernahmen die einzelnen Register,\ndie informativ durch den Abend f\u00fchrten.<br>\n<br>\nEin aufregender Parkspaziergang wurde mit der Musik von Jacob de Haan in\n&#8222;Queen&#8220;s Park Melody&#8220; intoniert. Emotional f\u00e4hrt das Orchester\nmit der Pr\u00e4sentation von &#8222;La Camisa Negra&#8220; fort. Mit &#8222;Spanish\nFever&#8220; von Jay Chattaway stellte das Orchester sein Temperament unter\nBeweis und l\u00e4utete mit Flamenco-Kl\u00e4ngen die Ehrungen ein.<\/p>\n\n\n\n<p>Nach einer kurzen Pause folgte &#8222;Nessaja&#8220;, ein Lied, das eine Station von Tabaluga auf seiner Reise zur Vernunft und dem Erwachsenwerden erz\u00e4hlt. Die Titelmelodie zu Udo Lindenbergs Musical &#8222;Hinterm Horizont&#8220; f\u00fchrte die Konzertbesucher zur\u00fcck in die Zeit des geteilten Deutschlands.<br> <br> Mit der Interpretation von &#8222;So sch\u00f6n wie heut&#8220;, einem Arrangement von Heinz Briegel, schlug das Orchester fr\u00f6hliche T\u00f6ne an und gab Ausz\u00fcge aus Schlagerklassikern wie &#8222;Liebling mein Herz l\u00e4sst dich gr\u00fc\u00dfen&#8220; zum Besten, bevor mit dem &#8222;Russian Waltz&#8220; von Pavel Stanek die russische Kultur dargestellt wurde. Den musikalischen Abschluss des Konzertabends war die Polka &#8222;von Freund zu Freund&#8220;. Der Komponist und Musiker Martin Scharnagel kreierte mit diesem St\u00fcck einen Klassiker f\u00fcr die Blasmusik. Nach langanhaltendem Beifall gab der Musikverein dem Wunsch nach einer Zugabe gerne nach und spielte &#8222;die Regimentskinder&#8220;, sowie nochmals &#8222;Nessaja&#8220;, nachdem die Konzertbesucher unter Beifall um Verl\u00e4ngerung baten.<br> <br> <strong>Ehrungen:<\/strong> Felicitas Kaiser ehrte zun\u00e4chst die j\u00fcngsten Vereinsmitglieder Tom Brooks (Posaune), Franziska Wetzel und Alina Wietzel (beide Querfl\u00f6te) und gratulierte ihnen zum bestandenen Jungmusiker-Leistungsabzeichen in Bronze des Bundes Deutscher Blasmusikverb\u00e4nde. Richard Behringer wurde zum Ehrenmitglied des Musikvereins Utzenfeld ernannt. Er ist seit 30 Jahren aktives Mitglied und bereichert den Verein nicht nur durch sein musikalisches Engagement, sondern zeichnet sich auch durch seinen organisatorischen und kameradschaftlichen Einsatz im Vorstand aus. Seit \u00fcber 40 Jahren musiziert Hanns-Christian Ginzky in den Reihen des Musikvereins Utzenfeld und unterst\u00fctzte die Klarinetten-und Posaunenregister, bevor er seinen Platz als Tenorhornist einnahm. Im Vorstand ist er als Kassierer t\u00e4tig, er engagierte sich auch in der Jugendausbildung, ist Mitbegr\u00fcnder der Unterhaltungsabteilung &#8222;Utzenfluh Musikanten&#8220; und leitet die Proben und Auftritte der Gruppe. Felicitas Kaiser dankte den Geehrten f\u00fcr ihren Einsatz in den vergangenen Jahrzehnten.<\/p>\n\n\n\n<figure class=\"wp-block-image\"><img loading=\"lazy\" decoding=\"async\" width=\"500\" height=\"177\" src=\"https:\/\/wordpress.mv-utzenfeld.de\/wp-content\/uploads\/2019\/03\/konzert-2016-1.jpg\" alt=\"\" class=\"wp-image-151\" srcset=\"https:\/\/mv-utzenfeld.de\/wp-content\/uploads\/2019\/03\/konzert-2016-1.jpg 500w, https:\/\/mv-utzenfeld.de\/wp-content\/uploads\/2019\/03\/konzert-2016-1-300x106.jpg 300w\" sizes=\"auto, (max-width: 500px) 100vw, 500px\" \/><figcaption class=\"wp-element-caption\">Geehrte Musiker mit Vorstand und neuem Dirigenten: Von links Hanns-Christian Ginzky, Sonja Strohmaier, Felicitas Kaiser, Ingo Ganter, Richard Behringer und J\u00fcrgen Wassmer <\/figcaption><\/figure>\n\n\n\n<hr class=\"wp-block-separator has-css-opacity\"\/>\n\n\n\n<div style=\"height:100px\" aria-hidden=\"true\" class=\"wp-block-spacer\"><\/div>\n\n\n\n<p><strong>Generalversammlung am 19.03.2016 <\/strong><\/p>\n\n\n\n<p> <strong>Vorfreude auf viele musikalische H\u00f6hepunkte<\/strong> <strong>\/ Zw\u00f6lf Jungmusiker in der Ausbildung \/ Ehrung langj\u00e4hriger Musiker<\/strong><\/p>\n\n\n\n<p>Bei der 103.\nGeneralversammlung am Samstag, den 19.03.16 des Musikvereins Utzenfeld, die mit\ndem &#8222;Bozener Bergsteigermarsch&#8220; er\u00f6ffnet wurde, gab Sonja Strohmeier\neinen \u00dcberblick \u00fcber das vergangene Vereinsjahr. Aktuell besteht der\nMusikverein Utzenfeld aus 30 aktiven Musikern, sowie zw\u00f6lf Nachwuchsmusikern,\ndie sich in der Ausbildung befinden. Das Durchschnittsalter liegt bei den\nAktivmusikern bei 29 Jahren. Man traf sich 2015 zu 54 Proben und 19 Auftritten.<br>\n<br>\nBesondere H\u00f6hepunkte im abgelaufenen Vereinsjahr waren eine Konzertreise nach\nLoope, das Sommerlagerfeuer bei der Gemeindehalle in Utzenfeld sowie das\nOktoberfest mit der Schwarzw\u00e4lder Blasmusik und der Gruppe Blasmusikfieber.\nBeim Weihnachtskonzert des Musikvereins konnten im Dezember zudem drei Musiker\nf\u00fcr 25-j\u00e4hrige Mitgliedschaft geehrt werden: Hartmut Mayer, Sonja Strohmeier\nund J\u00fcrgen Wassmer. In naher Zukunft freut sich das Orchester auf ein\nDoppelkonzert mit der befreundeten Musikgesellschaft K\u00f6lliken (Schweiz)\nanl\u00e4sslich derer 125 j\u00e4hrigen Jubil\u00e4ums.<br>\n<br>\nJugendleiter Guido Behringer berichtete \u00fcber den Stand der Jugendausbildung.\nZuerst gratulierte er den Nachwuchsmusikerinnen Maria-Sophie Heinze, Franziska\nWetzel und Alina Wietzel (alle Querfl\u00f6te), die am 19. M\u00e4rz das Jungmusiker\nLeistungsabzeichen des Bundes Deutscher Blasmusik in Bronze bestanden haben.<\/p>\n\n\n\n<p>Ebenfalls betonte er die Leistung weiterer Jungmusiker, die 2015 die Pr\u00fcfung des Jungmusiker Leistungsabzeichens in Silber mit Erfolg abgelegt haben: Maria Kaiser (Trompete), Jessica Wetzel und Lena Wunderle (Klarinette). Er dankte allen Ausbildern f\u00fcr ihren engagierten Einsatz. Kassierer Hanns-Christian Ginzky gab der Versammlung einen \u00dcberblick der aktuellen Finanzlage. Beschlossen wurde die Anhebung des r Passivbeitrags auf zehn Euro. Ein besonderer Dank galt Johannes Asal, der das Dirigentenamt vor\u00fcbergehend \u00fcbernimmt, nachdem Michael Becker aus gesundheitlichen Gr\u00fcnden sein Amt niedergelegt hat. Der Musikverein Utzenfeld freut sich auf ein spannendes Jahr mit vielen musikalischen H\u00f6hepunkten.<br> <br> <strong>Ehrungen:<\/strong> Felicitas Kaiser ehrte Richard Behringer f\u00fcr 30 Jahre, Rolf Wetzel f\u00fcr 35 und Hanns-Christian Ginzky f\u00fcr 40 Jahre aktive Mitgliedschaft. Die feierliche Ehrung erfolgt beim Weihnachtskonzert. Thomas Kaiser erhielt den Probepokal f\u00fcr 100-prozentige Anwesenheit.<\/p>\n\n\n\n<figure class=\"wp-block-image\"><img loading=\"lazy\" decoding=\"async\" width=\"450\" height=\"189\" src=\"https:\/\/wordpress.mv-utzenfeld.de\/wp-content\/uploads\/2019\/03\/GV-2016-1.jpg\" alt=\"\" class=\"wp-image-152\" srcset=\"https:\/\/mv-utzenfeld.de\/wp-content\/uploads\/2019\/03\/GV-2016-1.jpg 450w, https:\/\/mv-utzenfeld.de\/wp-content\/uploads\/2019\/03\/GV-2016-1-300x126.jpg 300w\" sizes=\"auto, (max-width: 450px) 100vw, 450px\" \/><figcaption class=\"wp-element-caption\">Geehrt wurden beim Musikverein Utzenfeld die Musiker (von links) Richard Behringer (30 Jahre), Rolf Wetzel (35 Jahre) und Hanns-Christian Ginzky (seit 40 Jahren aktiv).  <\/figcaption><\/figure>\n\n\n\n<hr class=\"wp-block-separator has-css-opacity\"\/>\n","protected":false},"excerpt":{"rendered":"<p>Weihnachtskonzert 2016 Ehrung f\u00fcr 30 und 40 Jahre Mitgliedschaft Beim Weihnachtskonzert des Musikvereins Utzenfeld begr\u00fc\u00dfte Sonja Strohmaier, Mitglied des Vorstandsteams, die Konzertbesucher am Samstag in der weihnachtlich dekorierten Gemeindehalle. Zu Beginn des Konzertabends wurde der neue Dirigent des Orchesters vorgestellt. Ingo Ganter stammt aus Sasbach und stellt seine Energie ganz in den Dienst der Musik: &hellip; <\/p>\n<p class=\"link-more\"><a href=\"https:\/\/mv-utzenfeld.de\/?page_id=150\" class=\"more-link\"><span class=\"screen-reader-text\">\u201e2016\u201c <\/span>weiterlesen<\/a><\/p>\n","protected":false},"author":3,"featured_media":0,"parent":97,"menu_order":0,"comment_status":"closed","ping_status":"closed","template":"","meta":{"footnotes":""},"class_list":["post-150","page","type-page","status-publish","hentry"],"_links":{"self":[{"href":"https:\/\/mv-utzenfeld.de\/index.php?rest_route=\/wp\/v2\/pages\/150","targetHints":{"allow":["GET"]}}],"collection":[{"href":"https:\/\/mv-utzenfeld.de\/index.php?rest_route=\/wp\/v2\/pages"}],"about":[{"href":"https:\/\/mv-utzenfeld.de\/index.php?rest_route=\/wp\/v2\/types\/page"}],"author":[{"embeddable":true,"href":"https:\/\/mv-utzenfeld.de\/index.php?rest_route=\/wp\/v2\/users\/3"}],"replies":[{"embeddable":true,"href":"https:\/\/mv-utzenfeld.de\/index.php?rest_route=%2Fwp%2Fv2%2Fcomments&post=150"}],"version-history":[{"count":2,"href":"https:\/\/mv-utzenfeld.de\/index.php?rest_route=\/wp\/v2\/pages\/150\/revisions"}],"predecessor-version":[{"id":293,"href":"https:\/\/mv-utzenfeld.de\/index.php?rest_route=\/wp\/v2\/pages\/150\/revisions\/293"}],"up":[{"embeddable":true,"href":"https:\/\/mv-utzenfeld.de\/index.php?rest_route=\/wp\/v2\/pages\/97"}],"wp:attachment":[{"href":"https:\/\/mv-utzenfeld.de\/index.php?rest_route=%2Fwp%2Fv2%2Fmedia&parent=150"}],"curies":[{"name":"wp","href":"https:\/\/api.w.org\/{rel}","templated":true}]}}

<p><strong>Weihnachtskonzert 2016</strong></p>



<p><strong>Ehrung für 30 und 40 Jahre Mitgliedschaft</strong></p>



<p>Beim
Weihnachtskonzert des Musikvereins Utzenfeld begrüßte Sonja Strohmaier,
Mitglied des Vorstandsteams, die Konzertbesucher am Samstag in der
weihnachtlich dekorierten Gemeindehalle. Zu Beginn des Konzertabends wurde der
neue Dirigent des Orchesters vorgestellt.<br>
<br>
Ingo Ganter stammt aus Sasbach und stellt seine Energie ganz in den Dienst der
Musik: aktiv am Instrument in eigener Band, als Ausbilder in der Musikschule
und seit diesem Sommer als musikalischer Leiter des Musikvereins Utzenfeld.
Sein erstes Weihnachtskonzert mit dem Musikverein Utzenfeld eröffnete Ingo
Ganter mit dem Marsch &#8222;Revuezauber&#8220; von Walter Schneider-Argenbühl.
Anschließend wurde &#8222;Adventure&#8220; vom Schopfheimer Komponisten Markus
Götz aufgelegt. Die Moderation des Konzertes übernahmen die einzelnen Register,
die informativ durch den Abend führten.<br>
<br>
Ein aufregender Parkspaziergang wurde mit der Musik von Jacob de Haan in
&#8222;Queen&#8220;s Park Melody&#8220; intoniert. Emotional fährt das Orchester
mit der Präsentation von &#8222;La Camisa Negra&#8220; fort. Mit &#8222;Spanish
Fever&#8220; von Jay Chattaway stellte das Orchester sein Temperament unter
Beweis und läutete mit Flamenco-Klängen die Ehrungen ein.</p>



<p>Nach einer kurzen Pause folgte &#8222;Nessaja&#8220;, ein Lied, das eine Station von Tabaluga auf seiner Reise zur Vernunft und dem Erwachsenwerden erzählt. Die Titelmelodie zu Udo Lindenbergs Musical &#8222;Hinterm Horizont&#8220; führte die Konzertbesucher zurück in die Zeit des geteilten Deutschlands.<br> <br> Mit der Interpretation von &#8222;So schön wie heut&#8220;, einem Arrangement von Heinz Briegel, schlug das Orchester fröhliche Töne an und gab Auszüge aus Schlagerklassikern wie &#8222;Liebling mein Herz lässt dich grüßen&#8220; zum Besten, bevor mit dem &#8222;Russian Waltz&#8220; von Pavel Stanek die russische Kultur dargestellt wurde. Den musikalischen Abschluss des Konzertabends war die Polka &#8222;von Freund zu Freund&#8220;. Der Komponist und Musiker Martin Scharnagel kreierte mit diesem Stück einen Klassiker für die Blasmusik. Nach langanhaltendem Beifall gab der Musikverein dem Wunsch nach einer Zugabe gerne nach und spielte &#8222;die Regimentskinder&#8220;, sowie nochmals &#8222;Nessaja&#8220;, nachdem die Konzertbesucher unter Beifall um Verlängerung baten.<br> <br> <strong>Ehrungen:</strong> Felicitas Kaiser ehrte zunächst die jüngsten Vereinsmitglieder Tom Brooks (Posaune), Franziska Wetzel und Alina Wietzel (beide Querflöte) und gratulierte ihnen zum bestandenen Jungmusiker-Leistungsabzeichen in Bronze des Bundes Deutscher Blasmusikverbände. Richard Behringer wurde zum Ehrenmitglied des Musikvereins Utzenfeld ernannt. Er ist seit 30 Jahren aktives Mitglied und bereichert den Verein nicht nur durch sein musikalisches Engagement, sondern zeichnet sich auch durch seinen organisatorischen und kameradschaftlichen Einsatz im Vorstand aus. Seit über 40 Jahren musiziert Hanns-Christian Ginzky in den Reihen des Musikvereins Utzenfeld und unterstützte die Klarinetten-und Posaunenregister, bevor er seinen Platz als Tenorhornist einnahm. Im Vorstand ist er als Kassierer tätig, er engagierte sich auch in der Jugendausbildung, ist Mitbegründer der Unterhaltungsabteilung &#8222;Utzenfluh Musikanten&#8220; und leitet die Proben und Auftritte der Gruppe. Felicitas Kaiser dankte den Geehrten für ihren Einsatz in den vergangenen Jahrzehnten.</p>



<figure class="wp-block-image"><img loading="lazy" decoding="async" width="500" height="177" src="https://wordpress.mv-utzenfeld.de/wp-content/uploads/2019/03/konzert-2016-1.jpg" alt="" class="wp-image-151" srcset="https://mv-utzenfeld.de/wp-content/uploads/2019/03/konzert-2016-1.jpg 500w, https://mv-utzenfeld.de/wp-content/uploads/2019/03/konzert-2016-1-300x106.jpg 300w" sizes="auto, (max-width: 500px) 100vw, 500px" /><figcaption class="wp-element-caption">Geehrte Musiker mit Vorstand und neuem Dirigenten: Von links Hanns-Christian Ginzky, Sonja Strohmaier, Felicitas Kaiser, Ingo Ganter, Richard Behringer und Jürgen Wassmer </figcaption></figure>



<hr class="wp-block-separator has-css-opacity"/>



<div style="height:100px" aria-hidden="true" class="wp-block-spacer"></div>



<p><strong>Generalversammlung am 19.03.2016 </strong></p>



<p> <strong>Vorfreude auf viele musikalische Höhepunkte</strong> <strong>/ Zwölf Jungmusiker in der Ausbildung / Ehrung langjähriger Musiker</strong></p>



<p>Bei der 103.
Generalversammlung am Samstag, den 19.03.16 des Musikvereins Utzenfeld, die mit
dem &#8222;Bozener Bergsteigermarsch&#8220; eröffnet wurde, gab Sonja Strohmeier
einen Überblick über das vergangene Vereinsjahr. Aktuell besteht der
Musikverein Utzenfeld aus 30 aktiven Musikern, sowie zwölf Nachwuchsmusikern,
die sich in der Ausbildung befinden. Das Durchschnittsalter liegt bei den
Aktivmusikern bei 29 Jahren. Man traf sich 2015 zu 54 Proben und 19 Auftritten.<br>
<br>
Besondere Höhepunkte im abgelaufenen Vereinsjahr waren eine Konzertreise nach
Loope, das Sommerlagerfeuer bei der Gemeindehalle in Utzenfeld sowie das
Oktoberfest mit der Schwarzwälder Blasmusik und der Gruppe Blasmusikfieber.
Beim Weihnachtskonzert des Musikvereins konnten im Dezember zudem drei Musiker
für 25-jährige Mitgliedschaft geehrt werden: Hartmut Mayer, Sonja Strohmeier
und Jürgen Wassmer. In naher Zukunft freut sich das Orchester auf ein
Doppelkonzert mit der befreundeten Musikgesellschaft Kölliken (Schweiz)
anlässlich derer 125 jährigen Jubiläums.<br>
<br>
Jugendleiter Guido Behringer berichtete über den Stand der Jugendausbildung.
Zuerst gratulierte er den Nachwuchsmusikerinnen Maria-Sophie Heinze, Franziska
Wetzel und Alina Wietzel (alle Querflöte), die am 19. März das Jungmusiker
Leistungsabzeichen des Bundes Deutscher Blasmusik in Bronze bestanden haben.</p>



<p>Ebenfalls betonte er die Leistung weiterer Jungmusiker, die 2015 die Prüfung des Jungmusiker Leistungsabzeichens in Silber mit Erfolg abgelegt haben: Maria Kaiser (Trompete), Jessica Wetzel und Lena Wunderle (Klarinette). Er dankte allen Ausbildern für ihren engagierten Einsatz. Kassierer Hanns-Christian Ginzky gab der Versammlung einen Überblick der aktuellen Finanzlage. Beschlossen wurde die Anhebung des r Passivbeitrags auf zehn Euro. Ein besonderer Dank galt Johannes Asal, der das Dirigentenamt vorübergehend übernimmt, nachdem Michael Becker aus gesundheitlichen Gründen sein Amt niedergelegt hat. Der Musikverein Utzenfeld freut sich auf ein spannendes Jahr mit vielen musikalischen Höhepunkten.<br> <br> <strong>Ehrungen:</strong> Felicitas Kaiser ehrte Richard Behringer für 30 Jahre, Rolf Wetzel für 35 und Hanns-Christian Ginzky für 40 Jahre aktive Mitgliedschaft. Die feierliche Ehrung erfolgt beim Weihnachtskonzert. Thomas Kaiser erhielt den Probepokal für 100-prozentige Anwesenheit.</p>



<figure class="wp-block-image"><img loading="lazy" decoding="async" width="450" height="189" src="https://wordpress.mv-utzenfeld.de/wp-content/uploads/2019/03/GV-2016-1.jpg" alt="" class="wp-image-152" srcset="https://mv-utzenfeld.de/wp-content/uploads/2019/03/GV-2016-1.jpg 450w, https://mv-utzenfeld.de/wp-content/uploads/2019/03/GV-2016-1-300x126.jpg 300w" sizes="auto, (max-width: 450px) 100vw, 450px" /><figcaption class="wp-element-caption">Geehrt wurden beim Musikverein Utzenfeld die Musiker (von links) Richard Behringer (30 Jahre), Rolf Wetzel (35 Jahre) und Hanns-Christian Ginzky (seit 40 Jahren aktiv).  </figcaption></figure>



<hr class="wp-block-separator has-css-opacity"/>

<p>Weihnachtskonzert 2016 Ehrung für 30 und 40 Jahre Mitgliedschaft Beim Weihnachtskonzert des Musikvereins Utzenfeld begrüßte Sonja Strohmaier, Mitglied des Vorstandsteams, die Konzertbesucher am Samstag in der weihnachtlich dekorierten Gemeindehalle. Zu Beginn des Konzertabends wurde der neue Dirigent des Orchesters vorgestellt. Ingo Ganter stammt aus Sasbach und stellt seine Energie ganz in den Dienst der Musik: &hellip; </p>
<p class="link-more"><a href="https://mv-utzenfeld.de/?page_id=150" class="more-link"><span class="screen-reader-text">„2016“ </span>weiterlesen</a></p>
